{"id":21,"date":"2024-10-09T15:40:21","date_gmt":"2024-10-09T15:40:21","guid":{"rendered":"https:\/\/festspieleburggutenberg.li\/?page_id=21"},"modified":"2025-04-24T13:29:07","modified_gmt":"2025-04-24T13:29:07","slug":"die-burg","status":"publish","type":"page","link":"https:\/\/festspieleburggutenberg.li\/index.php\/die-burg\/","title":{"rendered":"Die Burg"},"content":{"rendered":"\t\t<div data-elementor-type=\"wp-page\" data-elementor-id=\"21\" class=\"elementor elementor-21\">\n\t\t\t\t<div class=\"elementor-element elementor-element-6348e2d e-flex e-con-boxed e-con e-parent\" data-id=\"6348e2d\" data-element_type=\"container\">\n\t\t\t\t\t<div class=\"e-con-inner\">\n\t\t<div class=\"elementor-element elementor-element-7bc76e3c e-con-full e-flex e-con e-child\" data-id=\"7bc76e3c\" data-element_type=\"container\">\n\t\t\t\t<\/div>\n\t\t<div class=\"elementor-element elementor-element-3cb1cbb e-con-full e-flex e-con e-child\" data-id=\"3cb1cbb\" data-element_type=\"container\">\n\t\t\t\t<div class=\"elementor-element elementor-element-3c3a4970 elementor-widget elementor-widget-heading\" data-id=\"3c3a4970\" data-element_type=\"widget\" data-widget_type=\"heading.default\">\n\t\t\t\t<div class=\"elementor-widget-container\">\n\t\t\t\t\t<h2 class=\"elementor-heading-title elementor-size-default\">Die Burg Gutenberg<\/h2>\t\t\t\t<\/div>\n\t\t\t\t<\/div>\n\t\t\t\t<div class=\"elementor-element elementor-element-33cd08f1 elementor-widget elementor-widget-image\" data-id=\"33cd08f1\" data-element_type=\"widget\" data-widget_type=\"image.default\">\n\t\t\t\t<div class=\"elementor-widget-container\">\n\t\t\t\t\t\t\t\t\t\t\t\t\t\t\t<img fetchpriority=\"high\" decoding=\"async\" width=\"700\" height=\"387\" src=\"https:\/\/festspieleburggutenberg.li\/wp-content\/uploads\/2024\/10\/Burg-Gutenberg-700.jpg\" class=\"attachment-large size-large wp-image-191\" alt=\"\" srcset=\"https:\/\/festspieleburggutenberg.li\/wp-content\/uploads\/2024\/10\/Burg-Gutenberg-700.jpg 700w, https:\/\/festspieleburggutenberg.li\/wp-content\/uploads\/2024\/10\/Burg-Gutenberg-700-300x166.jpg 300w\" sizes=\"(max-width: 700px) 100vw, 700px\" \/>\t\t\t\t\t\t\t\t\t\t\t\t\t\t\t<\/div>\n\t\t\t\t<\/div>\n\t\t\t\t<div class=\"elementor-element elementor-element-18afd8a2 elementor-widget elementor-widget-text-editor\" data-id=\"18afd8a2\" data-element_type=\"widget\" data-widget_type=\"text-editor.default\">\n\t\t\t\t<div class=\"elementor-widget-container\">\n\t\t\t\t\t\t\t\t\t<p style=\"font-weight: 400;\"><strong>Der Innenhof\u00a0<\/strong><\/p><p style=\"font-weight: 400;\">\u00a0<\/p><p style=\"font-weight: 400;\"><span style=\"font-family: var( --e-global-typography-text-font-family ), Sans-serif; font-size: var( --e-global-typography-text-font-size ); text-align: var(--text-align);\">Der Innenhof der Burg Gutenberg bildet eine einmalige Atmosph\u00e4re f\u00fcr gute\u00a0Theaterauff\u00fchrungen. Schon der Fussweg hinauf zur Burg, der Blick vom Burgh\u00fcgel \u00fcber die\u00a0Talschaft sowie das Wissen, dass dieser besondere Ort w\u00e4hrend Jahrtausenden besiedelt und als Kultst\u00e4tte\u00a0benutzt wurde, versetzen den Besucher in eine besondere Stimmung.<\/span><\/p><p>\u00a0<\/p>\t\t\t\t\t\t\t\t<\/div>\n\t\t\t\t<\/div>\n\t\t<div class=\"elementor-element elementor-element-5c8c4aa e-con-full e-flex e-con e-child\" data-id=\"5c8c4aa\" data-element_type=\"container\">\n\t\t\t\t<div class=\"elementor-element elementor-element-668fbd9 elementor-widget__width-initial elementor-widget elementor-widget-image\" data-id=\"668fbd9\" data-element_type=\"widget\" data-widget_type=\"image.default\">\n\t\t\t\t<div class=\"elementor-widget-container\">\n\t\t\t\t\t\t\t\t\t\t\t\t\t\t\t<img decoding=\"async\" width=\"800\" height=\"534\" src=\"https:\/\/festspieleburggutenberg.li\/wp-content\/uploads\/2025\/04\/20220616TheaterKaethchenVonHeilbronn-18-4-1024x683.jpg\" class=\"attachment-large size-large wp-image-909\" alt=\"\" srcset=\"https:\/\/festspieleburggutenberg.li\/wp-content\/uploads\/2025\/04\/20220616TheaterKaethchenVonHeilbronn-18-4-1024x683.jpg 1024w, https:\/\/festspieleburggutenberg.li\/wp-content\/uploads\/2025\/04\/20220616TheaterKaethchenVonHeilbronn-18-4-300x200.jpg 300w, https:\/\/festspieleburggutenberg.li\/wp-content\/uploads\/2025\/04\/20220616TheaterKaethchenVonHeilbronn-18-4-768x513.jpg 768w, https:\/\/festspieleburggutenberg.li\/wp-content\/uploads\/2025\/04\/20220616TheaterKaethchenVonHeilbronn-18-4-1536x1025.jpg 1536w, https:\/\/festspieleburggutenberg.li\/wp-content\/uploads\/2025\/04\/20220616TheaterKaethchenVonHeilbronn-18-4-2048x1367.jpg 2048w\" sizes=\"(max-width: 800px) 100vw, 800px\" \/>\t\t\t\t\t\t\t\t\t\t\t\t\t\t\t<\/div>\n\t\t\t\t<\/div>\n\t\t\t\t<div class=\"elementor-element elementor-element-37d626e elementor-widget__width-initial elementor-widget elementor-widget-image\" data-id=\"37d626e\" data-element_type=\"widget\" data-widget_type=\"image.default\">\n\t\t\t\t<div class=\"elementor-widget-container\">\n\t\t\t\t\t\t\t\t\t\t\t\t\t\t\t<img decoding=\"async\" width=\"800\" height=\"534\" src=\"https:\/\/festspieleburggutenberg.li\/wp-content\/uploads\/2025\/04\/20220616TheaterKaethchenVonHeilbronn-60-4-1024x683.jpg\" class=\"attachment-large size-large wp-image-911\" alt=\"\" srcset=\"https:\/\/festspieleburggutenberg.li\/wp-content\/uploads\/2025\/04\/20220616TheaterKaethchenVonHeilbronn-60-4-1024x683.jpg 1024w, https:\/\/festspieleburggutenberg.li\/wp-content\/uploads\/2025\/04\/20220616TheaterKaethchenVonHeilbronn-60-4-300x200.jpg 300w, https:\/\/festspieleburggutenberg.li\/wp-content\/uploads\/2025\/04\/20220616TheaterKaethchenVonHeilbronn-60-4-768x513.jpg 768w, https:\/\/festspieleburggutenberg.li\/wp-content\/uploads\/2025\/04\/20220616TheaterKaethchenVonHeilbronn-60-4-1536x1025.jpg 1536w, https:\/\/festspieleburggutenberg.li\/wp-content\/uploads\/2025\/04\/20220616TheaterKaethchenVonHeilbronn-60-4-2048x1367.jpg 2048w\" sizes=\"(max-width: 800px) 100vw, 800px\" \/>\t\t\t\t\t\t\t\t\t\t\t\t\t\t\t<\/div>\n\t\t\t\t<\/div>\n\t\t\t\t<\/div>\n\t\t<div class=\"elementor-element elementor-element-21d1233 e-con-full e-flex e-con e-child\" data-id=\"21d1233\" data-element_type=\"container\">\n\t\t\t\t<div class=\"elementor-element elementor-element-834610f elementor-widget__width-initial elementor-widget elementor-widget-image\" data-id=\"834610f\" data-element_type=\"widget\" data-widget_type=\"image.default\">\n\t\t\t\t<div class=\"elementor-widget-container\">\n\t\t\t\t\t\t\t\t\t\t\t\t\t\t\t<img loading=\"lazy\" decoding=\"async\" width=\"800\" height=\"600\" src=\"https:\/\/festspieleburggutenberg.li\/wp-content\/uploads\/2025\/04\/PHOTO-2021-06-09-17-27-00-1024x768.webp\" class=\"attachment-large size-large wp-image-903\" alt=\"\" srcset=\"https:\/\/festspieleburggutenberg.li\/wp-content\/uploads\/2025\/04\/PHOTO-2021-06-09-17-27-00-1024x768.webp 1024w, https:\/\/festspieleburggutenberg.li\/wp-content\/uploads\/2025\/04\/PHOTO-2021-06-09-17-27-00-300x225.webp 300w, https:\/\/festspieleburggutenberg.li\/wp-content\/uploads\/2025\/04\/PHOTO-2021-06-09-17-27-00-768x576.webp 768w, https:\/\/festspieleburggutenberg.li\/wp-content\/uploads\/2025\/04\/PHOTO-2021-06-09-17-27-00-1536x1152.webp 1536w, https:\/\/festspieleburggutenberg.li\/wp-content\/uploads\/2025\/04\/PHOTO-2021-06-09-17-27-00.webp 1600w\" sizes=\"(max-width: 800px) 100vw, 800px\" \/>\t\t\t\t\t\t\t\t\t\t\t\t\t\t\t<\/div>\n\t\t\t\t<\/div>\n\t\t\t\t<div class=\"elementor-element elementor-element-44fab2f elementor-widget__width-initial elementor-widget elementor-widget-image\" data-id=\"44fab2f\" data-element_type=\"widget\" data-widget_type=\"image.default\">\n\t\t\t\t<div class=\"elementor-widget-container\">\n\t\t\t\t\t\t\t\t\t\t\t\t\t\t\t<img loading=\"lazy\" decoding=\"async\" width=\"800\" height=\"600\" src=\"https:\/\/festspieleburggutenberg.li\/wp-content\/uploads\/2025\/04\/PHOTO-2021-06-03-15-20-20-1024x768.jpg\" class=\"attachment-large size-large wp-image-906\" alt=\"\" srcset=\"https:\/\/festspieleburggutenberg.li\/wp-content\/uploads\/2025\/04\/PHOTO-2021-06-03-15-20-20-1024x768.jpg 1024w, https:\/\/festspieleburggutenberg.li\/wp-content\/uploads\/2025\/04\/PHOTO-2021-06-03-15-20-20-300x225.jpg 300w, https:\/\/festspieleburggutenberg.li\/wp-content\/uploads\/2025\/04\/PHOTO-2021-06-03-15-20-20-768x576.jpg 768w, https:\/\/festspieleburggutenberg.li\/wp-content\/uploads\/2025\/04\/PHOTO-2021-06-03-15-20-20-1536x1152.jpg 1536w, https:\/\/festspieleburggutenberg.li\/wp-content\/uploads\/2025\/04\/PHOTO-2021-06-03-15-20-20.jpg 1600w\" sizes=\"(max-width: 800px) 100vw, 800px\" \/>\t\t\t\t\t\t\t\t\t\t\t\t\t\t\t<\/div>\n\t\t\t\t<\/div>\n\t\t\t\t<\/div>\n\t\t\t\t<div class=\"elementor-element elementor-element-bf75573 elementor-widget elementor-widget-text-editor\" data-id=\"bf75573\" data-element_type=\"widget\" data-widget_type=\"text-editor.default\">\n\t\t\t\t<div class=\"elementor-widget-container\">\n\t\t\t\t\t\t\t\t\t<p style=\"font-weight: 400;\"><strong>Geschichtliches zur\u00a0Burg Gutenberg<\/strong><\/p><p style=\"font-weight: 400;\"><strong>\u00a0<\/strong><\/p><p style=\"font-weight: 400;\">Die Burg Gutenberg thront auf einem Felsh\u00fcgel inmitten der Gemeinde Balzers. Arch\u00e4ologische Ausgrabungen\u00a0haben gezeigt, dass dieser H\u00fcgel wohl schon seit der Jungsteinzeit besiedelt ist.\u00a01932 fand man am Burgh\u00fcgel menschliche Bronzestatuen und jene eines Ebers und eines Hirsches.\u00a0Mit diesem Fund bekam Balzers ein Pendant zur Venus von Willendorf, einen \u201eMars von Gutenberg\u201c,\u00a0eine 12 cm lange Fruchtbarkeitsfigur.<\/p><p style=\"font-weight: 400;\">Die Namensgebung der Burg liegt wohl einem Adelsgeschlecht zugrunde, dass 1296 erstmals erw\u00e4hnt\u00a0wurde.\u00a0Im Z\u00fcrcher Krieg wurde Balzers Opfer der Flammen und in der folgenden Zeit verfiel die Burg\u00a0zusehends. Nach einem weiteren Brand 1795 in der Gemeinde wurde ihr Gestein als Baumaterial zum\u00a0Wiederaufbau genutzt.<\/p><p style=\"font-weight: 400;\">Egon Rheinberger renovierte die verfallenen Ruinen schlie\u00dflich in den Jahren 1905 bis 1912. Dabei richtete er sich weitgehend nach den urspr\u00fcnglichen Baupl\u00e4nen, und die Burg bl\u00fchte damit nahezu originalgetreu wieder auf. Beim Innenausbau liess er seinem k\u00fcnstlerischem Talent freien Lauf und integrierte zudem die neusten technischen Errungenschaften seiner Zeit, wohnte er doch selbst mit seiner Familie bis zu seinem Tod in der Burg und betrieb dort auch eine Schankstube. Die Burg war bei der Fertigstellung wohl eines der wenigen H\u00e4user in Liechtenstein mit elektrischem Licht, einem elektrischen Herd, Telefon und fliessendem Wasser im Bad, inklusive Badewannen und WC-Sp\u00fclung.<\/p><p style=\"font-weight: 400;\">1979 erwarb das Land Liechtenstein die Burg und seitdem ist sie in Besitz des F\u00fcrstentums.\u00a0Die schon eingangs erw\u00e4hnten Freilichtspiele \u201eDer letzte Gutenberger\u201c 1925 oder die Filmproduktion\u00a0\u201eWilhelm Tell\u201c 1933 sind zwei sch\u00f6ne Beispiele der kulturellen Vergangenheit von\u00a0Burg Gutenberg. F\u00fcr die Festspiele Burg Gutenberg ist es eine Herzensangelegenheit, diese\u00a0kulturelle Vergangenheit wieder aufleben zu lassen und in die Zukunft mitzunehmen.<\/p>\t\t\t\t\t\t\t\t<\/div>\n\t\t\t\t<\/div>\n\t\t\t\t<\/div>\n\t\t\t\t\t<\/div>\n\t\t\t\t<\/div>\n\t\t\t\t<\/div>\n\t\t","protected":false},"excerpt":{"rendered":"<p>Die Burg Gutenberg Der Innenhof\u00a0 \u00a0 Der Innenhof der Burg Gutenberg bildet eine einmalige Atmosph\u00e4re f\u00fcr gute\u00a0Theaterauff\u00fchrungen. Schon der Fussweg hinauf zur Burg, der Blick vom Burgh\u00fcgel \u00fcber die\u00a0Talschaft sowie das Wissen, dass dieser besondere Ort w\u00e4hrend Jahrtausenden besiedelt und als Kultst\u00e4tte\u00a0benutzt wurde, versetzen den Besucher in eine besondere Stimmung. \u00a0 Geschichtliches zur\u00a0Burg Gutenberg \u00a0 [&hellip;]<\/p>\n","protected":false},"author":1,"featured_media":0,"parent":0,"menu_order":0,"comment_status":"closed","ping_status":"closed","template":"","meta":{"footnotes":""},"class_list":["post-21","page","type-page","status-publish","hentry"],"_links":{"self":[{"href":"https:\/\/festspieleburggutenberg.li\/index.php\/wp-json\/wp\/v2\/pages\/21","targetHints":{"allow":["GET"]}}],"collection":[{"href":"https:\/\/festspieleburggutenberg.li\/index.php\/wp-json\/wp\/v2\/pages"}],"about":[{"href":"https:\/\/festspieleburggutenberg.li\/index.php\/wp-json\/wp\/v2\/types\/page"}],"author":[{"embeddable":true,"href":"https:\/\/festspieleburggutenberg.li\/index.php\/wp-json\/wp\/v2\/users\/1"}],"replies":[{"embeddable":true,"href":"https:\/\/festspieleburggutenberg.li\/index.php\/wp-json\/wp\/v2\/comments?post=21"}],"version-history":[{"count":25,"href":"https:\/\/festspieleburggutenberg.li\/index.php\/wp-json\/wp\/v2\/pages\/21\/revisions"}],"predecessor-version":[{"id":928,"href":"https:\/\/festspieleburggutenberg.li\/index.php\/wp-json\/wp\/v2\/pages\/21\/revisions\/928"}],"wp:attachment":[{"href":"https:\/\/festspieleburggutenberg.li\/index.php\/wp-json\/wp\/v2\/media?parent=21"}],"curies":[{"name":"wp","href":"https:\/\/api.w.org\/{rel}","templated":true}]}}

<div data-elementor-type="wp-page" data-elementor-id="21" class="elementor elementor-21">
				<div class="elementor-element elementor-element-6348e2d e-flex e-con-boxed e-con e-parent" data-id="6348e2d" data-element_type="container">
					<div class="e-con-inner">
		<div class="elementor-element elementor-element-7bc76e3c e-con-full e-flex e-con e-child" data-id="7bc76e3c" data-element_type="container">
				</div>
		<div class="elementor-element elementor-element-3cb1cbb e-con-full e-flex e-con e-child" data-id="3cb1cbb" data-element_type="container">
				<div class="elementor-element elementor-element-3c3a4970 elementor-widget elementor-widget-heading" data-id="3c3a4970" data-element_type="widget" data-widget_type="heading.default">
				<div class="elementor-widget-container">
					<h2 class="elementor-heading-title elementor-size-default">Die Burg Gutenberg</h2>				</div>
				</div>
				<div class="elementor-element elementor-element-33cd08f1 elementor-widget elementor-widget-image" data-id="33cd08f1" data-element_type="widget" data-widget_type="image.default">
				<div class="elementor-widget-container">
															<img fetchpriority="high" decoding="async" width="700" height="387" src="https://festspieleburggutenberg.li/wp-content/uploads/2024/10/Burg-Gutenberg-700.jpg" class="attachment-large size-large wp-image-191" alt="" srcset="https://festspieleburggutenberg.li/wp-content/uploads/2024/10/Burg-Gutenberg-700.jpg 700w, https://festspieleburggutenberg.li/wp-content/uploads/2024/10/Burg-Gutenberg-700-300x166.jpg 300w" sizes="(max-width: 700px) 100vw, 700px" />															</div>
				</div>
				<div class="elementor-element elementor-element-18afd8a2 elementor-widget elementor-widget-text-editor" data-id="18afd8a2" data-element_type="widget" data-widget_type="text-editor.default">
				<div class="elementor-widget-container">
									<p style="font-weight: 400;"><strong>Der Innenhof </strong></p><p style="font-weight: 400;"> </p><p style="font-weight: 400;"><span style="font-family: var( --e-global-typography-text-font-family ), Sans-serif; font-size: var( --e-global-typography-text-font-size ); text-align: var(--text-align);">Der Innenhof der Burg Gutenberg bildet eine einmalige Atmosphäre für gute Theateraufführungen. Schon der Fussweg hinauf zur Burg, der Blick vom Burghügel über die Talschaft sowie das Wissen, dass dieser besondere Ort während Jahrtausenden besiedelt und als Kultstätte benutzt wurde, versetzen den Besucher in eine besondere Stimmung.</span></p><p> </p>								</div>
				</div>
		<div class="elementor-element elementor-element-5c8c4aa e-con-full e-flex e-con e-child" data-id="5c8c4aa" data-element_type="container">
				<div class="elementor-element elementor-element-668fbd9 elementor-widget__width-initial elementor-widget elementor-widget-image" data-id="668fbd9" data-element_type="widget" data-widget_type="image.default">
				<div class="elementor-widget-container">
															<img decoding="async" width="800" height="534" src="https://festspieleburggutenberg.li/wp-content/uploads/2025/04/20220616TheaterKaethchenVonHeilbronn-18-4-1024x683.jpg" class="attachment-large size-large wp-image-909" alt="" srcset="https://festspieleburggutenberg.li/wp-content/uploads/2025/04/20220616TheaterKaethchenVonHeilbronn-18-4-1024x683.jpg 1024w, https://festspieleburggutenberg.li/wp-content/uploads/2025/04/20220616TheaterKaethchenVonHeilbronn-18-4-300x200.jpg 300w, https://festspieleburggutenberg.li/wp-content/uploads/2025/04/20220616TheaterKaethchenVonHeilbronn-18-4-768x513.jpg 768w, https://festspieleburggutenberg.li/wp-content/uploads/2025/04/20220616TheaterKaethchenVonHeilbronn-18-4-1536x1025.jpg 1536w, https://festspieleburggutenberg.li/wp-content/uploads/2025/04/20220616TheaterKaethchenVonHeilbronn-18-4-2048x1367.jpg 2048w" sizes="(max-width: 800px) 100vw, 800px" />															</div>
				</div>
				<div class="elementor-element elementor-element-37d626e elementor-widget__width-initial elementor-widget elementor-widget-image" data-id="37d626e" data-element_type="widget" data-widget_type="image.default">
				<div class="elementor-widget-container">
															<img decoding="async" width="800" height="534" src="https://festspieleburggutenberg.li/wp-content/uploads/2025/04/20220616TheaterKaethchenVonHeilbronn-60-4-1024x683.jpg" class="attachment-large size-large wp-image-911" alt="" srcset="https://festspieleburggutenberg.li/wp-content/uploads/2025/04/20220616TheaterKaethchenVonHeilbronn-60-4-1024x683.jpg 1024w, https://festspieleburggutenberg.li/wp-content/uploads/2025/04/20220616TheaterKaethchenVonHeilbronn-60-4-300x200.jpg 300w, https://festspieleburggutenberg.li/wp-content/uploads/2025/04/20220616TheaterKaethchenVonHeilbronn-60-4-768x513.jpg 768w, https://festspieleburggutenberg.li/wp-content/uploads/2025/04/20220616TheaterKaethchenVonHeilbronn-60-4-1536x1025.jpg 1536w, https://festspieleburggutenberg.li/wp-content/uploads/2025/04/20220616TheaterKaethchenVonHeilbronn-60-4-2048x1367.jpg 2048w" sizes="(max-width: 800px) 100vw, 800px" />															</div>
				</div>
				</div>
		<div class="elementor-element elementor-element-21d1233 e-con-full e-flex e-con e-child" data-id="21d1233" data-element_type="container">
				<div class="elementor-element elementor-element-834610f elementor-widget__width-initial elementor-widget elementor-widget-image" data-id="834610f" data-element_type="widget" data-widget_type="image.default">
				<div class="elementor-widget-container">
															<img loading="lazy" decoding="async" width="800" height="600" src="https://festspieleburggutenberg.li/wp-content/uploads/2025/04/PHOTO-2021-06-09-17-27-00-1024x768.webp" class="attachment-large size-large wp-image-903" alt="" srcset="https://festspieleburggutenberg.li/wp-content/uploads/2025/04/PHOTO-2021-06-09-17-27-00-1024x768.webp 1024w, https://festspieleburggutenberg.li/wp-content/uploads/2025/04/PHOTO-2021-06-09-17-27-00-300x225.webp 300w, https://festspieleburggutenberg.li/wp-content/uploads/2025/04/PHOTO-2021-06-09-17-27-00-768x576.webp 768w, https://festspieleburggutenberg.li/wp-content/uploads/2025/04/PHOTO-2021-06-09-17-27-00-1536x1152.webp 1536w, https://festspieleburggutenberg.li/wp-content/uploads/2025/04/PHOTO-2021-06-09-17-27-00.webp 1600w" sizes="(max-width: 800px) 100vw, 800px" />															</div>
				</div>
				<div class="elementor-element elementor-element-44fab2f elementor-widget__width-initial elementor-widget elementor-widget-image" data-id="44fab2f" data-element_type="widget" data-widget_type="image.default">
				<div class="elementor-widget-container">
															<img loading="lazy" decoding="async" width="800" height="600" src="https://festspieleburggutenberg.li/wp-content/uploads/2025/04/PHOTO-2021-06-03-15-20-20-1024x768.jpg" class="attachment-large size-large wp-image-906" alt="" srcset="https://festspieleburggutenberg.li/wp-content/uploads/2025/04/PHOTO-2021-06-03-15-20-20-1024x768.jpg 1024w, https://festspieleburggutenberg.li/wp-content/uploads/2025/04/PHOTO-2021-06-03-15-20-20-300x225.jpg 300w, https://festspieleburggutenberg.li/wp-content/uploads/2025/04/PHOTO-2021-06-03-15-20-20-768x576.jpg 768w, https://festspieleburggutenberg.li/wp-content/uploads/2025/04/PHOTO-2021-06-03-15-20-20-1536x1152.jpg 1536w, https://festspieleburggutenberg.li/wp-content/uploads/2025/04/PHOTO-2021-06-03-15-20-20.jpg 1600w" sizes="(max-width: 800px) 100vw, 800px" />															</div>
				</div>
				</div>
				<div class="elementor-element elementor-element-bf75573 elementor-widget elementor-widget-text-editor" data-id="bf75573" data-element_type="widget" data-widget_type="text-editor.default">
				<div class="elementor-widget-container">
									<p style="font-weight: 400;"><strong>Geschichtliches zur Burg Gutenberg</strong></p><p style="font-weight: 400;"><strong> </strong></p><p style="font-weight: 400;">Die Burg Gutenberg thront auf einem Felshügel inmitten der Gemeinde Balzers. Archäologische Ausgrabungen haben gezeigt, dass dieser Hügel wohl schon seit der Jungsteinzeit besiedelt ist. 1932 fand man am Burghügel menschliche Bronzestatuen und jene eines Ebers und eines Hirsches. Mit diesem Fund bekam Balzers ein Pendant zur Venus von Willendorf, einen „Mars von Gutenberg“, eine 12 cm lange Fruchtbarkeitsfigur.</p><p style="font-weight: 400;">Die Namensgebung der Burg liegt wohl einem Adelsgeschlecht zugrunde, dass 1296 erstmals erwähnt wurde. Im Zürcher Krieg wurde Balzers Opfer der Flammen und in der folgenden Zeit verfiel die Burg zusehends. Nach einem weiteren Brand 1795 in der Gemeinde wurde ihr Gestein als Baumaterial zum Wiederaufbau genutzt.</p><p style="font-weight: 400;">Egon Rheinberger renovierte die verfallenen Ruinen schließlich in den Jahren 1905 bis 1912. Dabei richtete er sich weitgehend nach den ursprünglichen Bauplänen, und die Burg blühte damit nahezu originalgetreu wieder auf. Beim Innenausbau liess er seinem künstlerischem Talent freien Lauf und integrierte zudem die neusten technischen Errungenschaften seiner Zeit, wohnte er doch selbst mit seiner Familie bis zu seinem Tod in der Burg und betrieb dort auch eine Schankstube. Die Burg war bei der Fertigstellung wohl eines der wenigen Häuser in Liechtenstein mit elektrischem Licht, einem elektrischen Herd, Telefon und fliessendem Wasser im Bad, inklusive Badewannen und WC-Spülung.</p><p style="font-weight: 400;">1979 erwarb das Land Liechtenstein die Burg und seitdem ist sie in Besitz des Fürstentums. Die schon eingangs erwähnten Freilichtspiele „Der letzte Gutenberger“ 1925 oder die Filmproduktion „Wilhelm Tell“ 1933 sind zwei schöne Beispiele der kulturellen Vergangenheit von Burg Gutenberg. Für die Festspiele Burg Gutenberg ist es eine Herzensangelegenheit, diese kulturelle Vergangenheit wieder aufleben zu lassen und in die Zukunft mitzunehmen.</p>								</div>
				</div>
				</div>
					</div>
				</div>
				</div>

<p>Die Burg Gutenberg Der Innenhof    Der Innenhof der Burg Gutenberg bildet eine einmalige Atmosphäre für gute Theateraufführungen. Schon der Fussweg hinauf zur Burg, der Blick vom Burghügel über die Talschaft sowie das Wissen, dass dieser besondere Ort während Jahrtausenden besiedelt und als Kultstätte benutzt wurde, versetzen den Besucher in eine besondere Stimmung.   Geschichtliches zur Burg Gutenberg   [&hellip;]</p>
